e 16
-1b3
Convert -200330 (base 5) to base 2.
-1100011000100
What is 2360 (base 11) in base 8?
6023
What is 317 (base 13) in base 4?
20033
What is 661 (base 10) in base 12?
471
-110223 (base 4) to base 6
-10043
What is -44242 (base 5) in base 12?
-1940
What is -1454 (base 7) in base 13?
-356
111220 (base 4) to base 12
974
210121 (base 3) to base 8
1107
Convert df (base 16) to base 11.
193
What is 1716 (base 16) in base 14?
2222
Convert 568 (base 9) to base 14.
255
Convert 320 (base 10) to base 16.
140
What is 8750 (base 11) in base 12?
6826
684 (base 13) to base 8
2142
eac1 (base 16) to base 6
1142121
What is 1121210 (base 3) in base 4?
102132
What is 1011331 (base 4) in base 11?
3400
Convert 405 (base 15) to base 12.
635
Convert -2222022012 (base 3) to base 12.
-29a65
What is -5663 (base 9) in base 6?
-31220
2202102 (base 3) to base 11
1567
Convert -12410 (base 6) to base 16.
-756
3a4b (base 13) to base 15
2714
-3346 (base 10) to base 14
-1310
What is -568 (base 10) in base 3?
-210001
-440304 (base 5) to base 4
-3223213
-ba (base 12) to base 3
-12021
Convert -73f (base 16) to base 7.
-5260
What is -1303331 (base 4) in base 11?
-5637
What is -158 (base 16) in base 6?
-1332
-2562 (base 8) to base 6
-10242
130246 (base 7) to base 6
303434
Convert -348 (base 10) to base 6.
-1340
Convert 969 (base 14) to base 9.
2483
Convert -156a (base 14) to base 10.
-3818
-1256 (base 8) to base 9
-842
What is 189 (base 12) in base 11?
207
1454 (base 7) to base 8
1102
-248 (base 12) to base 2
-101011000
Convert -20b4 (base 13) to base 10.
-4541
Convert -9451 (base 12) to base 15.
-4be4
What is 2839 (base 12) in base 10?
4653
Convert 10100112020 (base 3) to base 8.
200712
1133 (base 7) to base 10
416
What is -152016 (base 8) in base 13?
-1b92b
What is 3313031 (base 4) in base 9?
23628
Convert 10001101111001 (base 2) to base 15.
2a56
3a51 (base 15) to base 13
588a
What is 4769 (base 10) in base 5?
123034
Convert -20120103 (base 4) to base 10.
-34323
Convert -1243 (base 9) to base 8.
-1642
What is -2308a (base 12) in base 13?
-18391
-10011 (base 2) to base 13
-16
Convert 907 (base 15) to base 5.
31112
Convert -57701 (base 8) to base 14.
-8d0d
Convert -880 (base 14) to base 2.
-11010010000
What is -637 (base 16) in base 11?
-1217
What is 366 (base 15) in base 10?
771
Convert -660 (base 14) to base 11.
-a46
Convert -13433 (base 5) to base 15.
-4e8
-619 (base 14) to base 13
-713
2100202210 (base 3) to base 6
555120
Convert 111001110 (base 2) to base 9.
563
What is -753 (base 8) in base 12?
-34b
-450130 (base 7) to base 9
-130704
Convert 1199 (base 10) to base 4.
102233
Convert -12231 (base 4) to base 3.
-120220
What is -3870 (base 9) in base 5?
-43043
-10111111000 (base 2) to base 16
-5f8
Convert -5025 (base 6) to base 9.
-1448
-24354 (base 6) to base 10
-3598
-30010 (base 6) to base 12
-2306
315520 (base 6) to base 8
62450
Convert 1323 (base 7) to base 4.
13323
22102 (base 4) to base 2
1010010010
105b9 (base 12) to base 2
101010001011101
-19661 (base 10) to base 11
-13854
Convert 913 (base 14) to base 3.
2102222
Convert 269 (base 14) to base 12.
345
2507 (base 11) to base 3
11111021
-1001011110 (base 2) to base 15
-2a6
Convert 20213 (base 5) to base 3.
1210110
What is 304443 (base 5) in base 3?
111201022
Convert -11463 (base 10) to base 16.
-2cc7
-182e (base 16) to base 12
-36ba
Convert -5283 (base 9) to base 8.
-7452
-30345 (base 6) to base 5
-112100
Convert 2315 (base 11) to base 15.
d7b
18a36 (base 12) to base 10
36042
1002 (base 3) to base 4
131
What is 4420131 (base 5) in base 7?
435265
What is 3dfe (base 16) in base 9?
23683
What is 1589 (base 10) in base 11?
1215
Convert -9768 (base 10) to base 6.
-113120
What is -111360 (base 7) in base 9?
-30063
What is 1250 (base 14) in base 6?
22502
-aa (base 13) to base 16
-8c
Convert -85000 (base 10) to base 15.
-1a2ba
Convert -1020221 (base 3) to base 14.
-496
What is -a58 (base 11) in base 9?
-1664
1043 (base 11) to base 15
61d
Convert 1d02 (base 14) to base 8.
12256
-16082 (base 14) to base 3
-2210102211
What is 111010111111111 (base 2) in base 11?
20771
What is 356 (base 7) in base 5?
1223
What is -100110111110 (base 2) in base 14?
-ca2
-12241 (base 7) to base 10
-3214
9b0c (base 15) to base 4
20001132
What is -444 (base 6) in base 7?
-334
What is -210221 (base 4) in base 16?
-929
-29a48 (base 11) to base 12
-20737
Convert 149 (base 12) to base 9.
243
What is 483 (base 16) in base 10?
1155
What is -1608 (base 9) in base 3?
-1200022
What is 141526 (base 8) in base 13?
199b8
-11001000111001 (base 2) to base 6
-135305
Convert -1092 (base 15) to base 3.
-11211002
What is 4bf (base 16) in base 10?
1215
What is -111010 (base 2) in base 14?
-42
3603 (base 11) to base 3
20110220
Convert -9134 (base 10) to base 16.
-23ae
What is -226c (base 13) in base 8?
-11326
-11c (base 15) to base 7
-510
What is 1001011011 (base 2) in base 9?
740
-1948 (base 10) to base 9
-2604
Convert 100011100110 (base 2) to base 12.
139a
200012012 (base 3) to base 7
53444
What is 4 (base 6) in base 4?
10
Convert 2995 (base 11) to base 5.
110410
Convert 454 (base 7) to base 16.
eb
-231a (base 11) to base 12
-191a
Convert -1000010000100 (base 2) to base 14.
-1780
123400 (base 6) to base 7
44352
-1b18b (base 12) to base 8
-116073
-11101110 (base 2) to base 6
-1034
What is -5523 (base 7) in base 3?
-2201020
1025 (base 8) to base 7
1361
-313465 (base 7) to base 13
-1b811
2441 (base 10) to base 13
115a
Convert 2b3 (base 15) to base 2.
1001101010
-1046 (base 8) to base 10
-550
Convert -3106 (base 15) to base 7.
-42123
Convert -27333 (base 8) to base 11.
-9015
95 (base 14) to base 8
203
Convert 121404 (base 8) to base 5.
2313412
Convert 12020102 (base 3) to base 5.
110233
Convert -895 (base 11) to base 16.
-430
-2221010 (base 3) to base 5
-32021
What is a0 (base 14) in base 15?
95
Convert 2f90 (base 16) to base 11.
916a
Convert -10133033 (base 4) to base 3.
-221012212
What is -100100111111000 (base 2) in base 10?
-18936
-de4d (base 16) to base 10
-56909
-5469 (base 12) to base 15
-2b4c
Convert -1103021 (base 4) to base 12.
-30b5
22684 (base 11) to base 10
32762
-85331 (base 9) to base 13
-1c89a
1414030 (base 6) to base 11
55071
Convert 655 (base 8) to base 16.
1ad
What is 1400 (base 11) in base 12?
1073
What is -1111022 (base 3) in base 2?
-10001000000
What is 165 (base 14) in base 11?
23a
142d (base 14) to base 13
1817
Convert -1011101 (base 2) to base 14.
-69
-48 (base 10) to base 9
-53
What is 3520 (base 12) in base 13?
2910
-951e (base 15) to base 4
-13230221
Convert 1210023 (base 5) to base 7.
122431
Convert 661 (base 11) to base 7.
2212
What is -10aa (base 12) in base 7?
-5263
-111010100101 (base 2) to base 10
-3749
What is -4565 (base 9) in base 13?
-1700
Convert -1020 (base 8) to base 12.
-380
What is -204161 (base 8) in base 12?
-33215
What is 5baa (base 15) in base 2?
100110000110110
12302 (base 4) to base 2
110110010
Convert 5f9d (base 16) to base 9.
36516
What is -4907 (base 10) in base 8?
-11453
What is -1610 (base 9) in base 2?
-10011001000
What is -22aa (base 12) in base 10?
-3874
-12000 (base 5) to base 2
-1101101011
-47 (base 16) to base 6
-155
Convert 113031021 (base 4) to base 10.
95049
Convert -1515 (base 8) to base 3.
-1011022
What is 335 (base 9) in base 12?
1ab
What is 5222 (base 7) in base 2?
11100100101
-30f (base 16) to base 14
-3dd
What is -11660 (base 7) in base 15?
-da5
Convert -31b (base 15) to base 5.
-10301
-333310 (base 4) to base 7
-14623
-5de (base 16) to base 11
-1146
What is -2302330 (base 4) in base 10?
-11452
Convert 465a (base 12) to base 14.
2c06
Convert -573 (base 13) to base 9.
-1253
What is -26625 (base 10) in base 8?
-64001
What is -1003130 (base 4) in base 5?
-114231
Convert -1469 (base 10) to base 9.
-2012
7013 (base 11) to base 8
22163
What is -11030100 (base 4) in base 12?
-10380
-352 (base 6) to base 15
-95
-215626 (base 7) to base 12
-1a024
What is 4010 (base 10) in base 12?
23a2
Convert -300 (base 4) to base 8.
-60
1c (base 14) to base 3
222
130 (base 13) to base 11
17a
What is 312 (base 11) in base 13?
22c
1519 (base 16) to base 14
1d7b
-3223 (base 7) to base 13
-6a0
Convert ec6 (base 16) to base 4.
323012
1358 (base 9) to base 13
60b
Convert -1000100001101011 (base 2) to base 3.
-1202220110
Convert 169